hat are the prime factors of k?
5
Suppose -107 - 235 = -2*t. What are the prime factors of t?
3, 19
Suppose 4*a - 3*i = -65, -6 = -a - i - 24. List the prime factors of (-2)/5 + a/(-5).
3
Suppose -2*n = 6 - 4. Let g be 174/4 - n/(-2). Let m = g - 26. List the prime factors of m.
17
Suppose 0*g = 2*g - 28. Suppose -6*r + g = -4*r. List the prime factors of r.
7
Let p(m) = -m + 10. List the prime factors of p(7).
3
Suppose 0 = 4*p - 3*p. Suppose -4*b = b + 5*c - 35, p = -b - 4*c + 4. List the prime factors of b.
2
Suppose -46 - 56 = 3*x. Let a = x + 57. What are the prime factors of a?
23
Let o be 3*(0 + 5 + 1). Suppose 0 = j + 2*j + o. Let q(f) = -f. List the prime factors of q(j).
2, 3
Suppose 4*d - 10 = -d. Suppose -d*b + 28 = -0*b. List the prime factors of b.
2, 7
Suppose 3*j - 2*j = 0. Suppose t + 0*t - 46 = j. Let u = t - 28. What are the prime factors of u?
2, 3
Let r(y) = -9*y. Let h be r(-2). Let g be -1*(2 + 0) - h. What are the prime factors of 2/(-10) + (-204)/g?
2, 5
Suppose -5*o = -2*z - 19, -o - 4*z - 2 = o. Let c be (-1 - 3/o) + 5. Suppose 0*t - 4*n = c*t - 21, -5*n = -2*t + 14. List the prime factors of t.
7
What are the prime factors of -1 - (-6)/(-3) - -39?
2, 3
Suppose -x = -6*l + l + 177, -l = 4*x - 48. Let s = -26 + l. List the prime factors of (s/(-3))/(4/(-12)).
2, 5
Let t be 94/10 + (-2)/5. Suppose 0 = -h + 10 + 5. Let a = h - t. List the prime factors of a.
2, 3
Suppose 3*l = 6 + 3. Suppose 3*t = h + 12, -l*t - 16 = 3*h - 4. Let g = 14 + h. What are the prime factors of g?
2
Suppose 2*s - 16 = -4. Let q be 1/s - (-46)/12. Suppose 0 = 2*x + 5*p - 19, 1 + q = 4*x - p. List the prime factors of x.
2
Suppose -9 = -h - 2*h. Suppose 2*g - 5 = -5*t, -h*g - 4*t = -2*g - 1. List the prime factors of g.
5
Let f(u) = u + 10. Let z be f(-6). Suppose -4*w - w = s - 92, 0 = w - z*s - 10. What are the prime factors of w?
2, 3
Let u = 364 + -124. List the prime factors of u.
2, 3, 5
Let q = 41 + -8. Let x = q - 15. What are the prime factors of x?
2, 3
Suppose f - 39 = l, -3*l - 4*f + 199 = -8*l. Let z = l - -61. List the prime factors of (-16)/(-72) + 248/z.
2, 7
Suppose -8*v + 12*v - 16 = 0. List the prime factors of 2*(82/v - -4).
7
Let r(x) = -4*x - 29. Let f be r(-13). Suppose 4*l + 56 = -2*v, 5*l + 5*v + 0 = -70. Let y = l + f. What are the prime factors of y?
3
Let h(n) = -3*n + 4. List the prime factors of h(-5).
19
Suppose 1 + 7 = n. Suppose 22 = 2*f - 3*i + 5*i, -17 = -2*f + 3*i. Suppose -n = -3*h + f. What are the prime factors of h?
2, 3
Let t = 3 + 1. Let b(p) = p**2 - t + 2 - 2 + 2*p. List the prime factors of b(-5).
11
Let n(o) = 9*o**3 - 1. Suppose a - 4 - 7 = 0. Suppose 5*z = -6 + a. What are the prime factors of n(z)?
2
Let o = 5 + 3. Let g = o - 5. What are the prime factors of g?
3
List the prime factors of (-34)/(-3) + (-9)/27.
11
Let s(g) = -g**2 + 6*g - 2. Let z be s(5). Suppose 5 + 1 = z*h. List the prime factors of 553/28 + h/8.
2, 5
Let r(p) = 1 + 4*p**2 + 7*p - 3*p + 0*p**3 + 2 + p**3. Let j be r(-2). Suppose 14 = 5*n - j*n. List the prime factors of n.
7
Let d(q) = q**2 - 9*q - 12. Let p be d(10). What are the prime factors of (p/4)/(2/(-120))?
2, 3, 5
Let d(j) = 2*j**2 - 7*j + 6. Let g(v) = 0 + 0 - 2 - 2*v. Let p be g(-3). What are the prime factors of d(p)?
2, 5
Let y(g) = 2*g**3 - 2*g + 3. Let o = 12 + -10. What are the prime factors of y(o)?
3, 5
Let n = -100 + 140. What are the prime factors of n?
2, 5
Let z(t) = 5*t**2 + t + 17. List the prime factors of z(-5).
137
Let j = 44 - 21. What are the prime factors of j?
23
Let j(i) = -i**2 + 12*i - 9. What are the prime factors of j(9)?
2, 3
Let m be ((-4)/3)/((-3)/(-36)). List the prime factors of (-23)/(-4) + (-4)/m.
2, 3
Suppose t = -t + 2. Suppose -t = 5*b + 14. Let k = -1 - b. List the prime factors of k.
2
Let d be (-4)/3 + (-8)/12. Let a be (-2 - -3) + d + 1. Suppose u + a - 8 = 0. What are the prime factors of u?
2
Let x = -4 + 4. Suppose 2*o + q - 3*q - 8 = 0, -4*o = 4*q - 8. Suppose -5*j - f + 45 = x, -o*j + 0*f - 3*f + 27 = 0. What are the prime factors of j?
3
Let a be (28/8 + -3)*0. Let q = a + 4. What are the prime factors of q?
2
Let g(m) = -m**2 - 13*m - 10. What are the prime factors of g(-8)?
2, 3, 5
Let p(k) be the third derivative of k**4/24 + k**3/6 + 3*k**2. Let i be p(1). What are the prime factors of (-1)/((-2)/28) - i?
2, 3
Suppose 0 = -4*g - 20, 4*l - 2*g = 23 + 19. Suppose 4*k = l, k - 6 - 6 = -5*b. List the prime factors of b.
2
Suppose 6*d - 124 = 812. List the prime factors of d.
2, 3, 13
Suppose 5*t - 2 = 23. Let w(h) = 2*h**2 + h**3 - 4*h + 7 - 3*h**2 - 3*h**2. What are the prime factors of w(t)?
2, 3
Let i(u) be the second derivative of -u**3/3 - 3*u**2/2 - u. Let g be i(-3). Suppose 11 = 4*p - g*p. List the prime factors of p.
11
Let k = 60 + -34. List the prime factors of k.
2, 13
Suppose 50*a + 130 = 52*a. List the prime factors of a.
5, 13
Let s(q) = 9*q**2 - 3*q + 11. What are the prime factors of s(4)?
11, 13
Suppose 4*c + 11 = -4*n + 3, 0 = 4*c - 5*n - 10. Suppose r - 7 + 38 = c. Let f = r + 44. What are the prime factors of f?
13
What are the prime factors of (-7 - -5) + 26 + -2?
2, 11
Let d be 28 + -1 + 0 - 1. Let x = 43 - d. Suppose -12 = -2*f - 4*k, k + 0*k - x = -4*f. What are the prime factors of f?
2
Suppose -3*m = -m + 12. Let s = -2 - m. Suppose s*n - 1 = 27. List the prime factors of n.
7
Suppose -4*c + 5*j - 9 = 16, -3*j + 15 = 0. Suppose -2*v + 0*v + 8 = c. What are the prime factors of v?
2
Let m = -1 - 0. List the prime factors of m + 2 + 20 - 3.
2, 3
Suppose -5*u - 4*s + 131 = -97, 3*u - 5*s - 159 = 0. Suppose 0 = 2*x + 2*x - u. List the prime factors of x.
2, 3
Let i(t) = 4*t + 5. List the prime factors of i(5).
5
Let u be (-4)/(-16) + 30/8. Suppose u*n = 2 + 98. What are the prime factors of n?
5
Let o be (11 + -7)*(-7)/(-4). Let l = o + -5. List the prime factors of 2*(l + 5/2).
3
Let j(k) = -k**3 - 2*k**2 - k + 1. What are the prime factors of j(-4)?
37
Let x(g) = g**2 - 2*g + 158. List the prime factors of x(0).
2, 79
Suppose -3*k - 2*k + 75 = 0. Suppose 0 = -2*q + 5*q - k. Suppose -10 - q = -3*h. List the prime factors of h.
5
List the prime factors of (-115)/(-10)*2/1.
23
Suppose -h + 3 = 8. What are the prime factors of 174/15 + (-2)/h?
2, 3
Suppose -243 = 10*g - 13*g. What are the prime factors of g?
3
Let t be (4 - 2) + 0/1. Suppose t*h = -5 + 17. Let n = 14 - h. What are the prime factors of n?
2
Let u(p) = -p**3 + 5*p**2 - 3*p - 4. Let c be u(3). Suppose -c*t + 75 = -0*t. List the prime factors of t.
3, 5
Suppose 0 = -4*x + 5*x + 2. List the prime factors of (x/(-3))/(2/24).
2
Let p(i) = 9*i**2 - i + 4. List the prime factors of p(2).
2, 19
Let r(u) = u**3 + 3*u**2 - 2. Let v be (-1 + 2)*0 - 2. Let c be r(v). List the prime factors of -3*(10/(-3) + c).
2
Let o(q) = q**3 - q**2 + q + 1. Let t be -1*(2 + -1)*1. Let j be o(t). What are the prime factors of j - -13 - (0 + -1)?
2, 3
Let g be (3 + -1)*12/8. Suppose -g + 9 = 2*t. Let x = t - -7. What are the prime factors of x?
2, 5
Suppose -261 = -14*u + 11*u. What are the prime factors of u?
3, 29
Let y(h) = -h**2 - 6*h. Let g be y(-6). Let o = g + 11. List the prime factors of o.
11
Suppose 2*y - x + 3 = 0, 5 = -3*y + 4*x - 7. Suppose -c + 9 = j, -j = -y*c - 3*c + 3. What are the prime factors of j?
2, 3
Let u = -1 + 4. Let k = 7 + -4. Let y = k + u. List the prime factors of y.
2, 3
What are the prime factors of (368/(-56))/(2/(-14))?
2, 23
Let a(i) = -6*i - 5. Let m(s) = s**3 - 3*s**2 - 5*s. Let f = 7 + -3. Let c be m(f). List the prime factors of a(c).
19
Let v(c) = 4*c - 3. Let j be v(2). Let x = j - 0. Suppose -x*p + 11 = -9. List the prime factors of p.
2
Let r(s) be the second derivative of -s**5/10 + s**3/2 + s**2 + 3*s. List the prime factors of r(-2).
2, 3
Let n(w) be the third derivative of 0*w - 1/24*w**4 + 0 - 5/6*w**3 + 3*w**2. List the prime factors of n(-8).
3
Let v(l) = l**3 - l**2 + 6. Suppose -k + 2*k = 0. Suppose z = -k*z. What are the prime factors of v(z)?
2, 3
Suppose -52 = -3*p + 20. List the prime factors of p.
2, 3
Let s = -89 - -139. List the prime factors of s.
2, 5
Suppose -2*u + 14 = -u. Suppose b - u = 18. Let x = b + -22. List the prime factors of x.
2, 5
Let j(r) = 2 + r**3 + 0*r + 5*r + 0*r + 5*r**2. What a